-3 + -237?
-241
In base 9, what is -3 - 12658?
-12662
In base 6, what is 40 - 1035?
-555
In base 9, what is 2 - -175?
177
In base 9, what is -86 - -5?
-81
In base 11, what is 1 - 146?
-145
In base 10, what is -23005 - -3?
-23002
In base 11, what is 18 + -a1?
-84
In base 11, what is 7a + 1?
80
In base 5, what is 42120 + 10?
42130
In base 6, what is 1302 + -30?
1232
In base 6, what is 123 + 21?
144
In base 11, what is 10 - 4?
7
In base 15, what is 0 + -5c?
-5c
In base 5, what is -23121 - 24?
-23200
In base 16, what is b + -23?
-18
In base 12, what is 1804a + -2?
18048
In base 3, what is 12220 - 1?
12212
In base 11, what is 1a + -262?
-243
In base 4, what is -1101011 - 2?
-1101013
In base 15, what is 5 + -1e5?
-1e0
In base 8, what is 257 + 1?
260
In base 2, what is 101 - 1010110010?
-1010101101
In base 6, what is -10032 - -2?
-10030
In base 15, what is -240 - 3?
-243
In base 4, what is -1 - 120?
-121
In base 12, what is 2 + -2a2?
-2a0
In base 14, what is -1a - 3?
-1d
In base 9, what is -16 + 2?
-14
In base 10, what is 36 + -10?
26
In base 5, what is 32301 + 1?
32302
In base 8, what is -417 + 33?
-364
In base 13, what is 1c1 - -14?
205
In base 10, what is 2 - 1690?
-1688
In base 14, what is 1 - -505?
506
In base 2, what is -10101011010110 - 0?
-10101011010110
In base 4, what is -10 - 313?
-323
In base 10, what is 0 - 3611?
-3611
In base 7, what is -3 + 243?
240
In base 14, what is -5 + -390?
-395
In base 3, what is 2000 - -2010?
11010
In base 14, what is 5 + -8?
-3
In base 7, what is -1112 + -35?
-1150
In base 6, what is 12 + 125?
141
In base 5, what is 1 + 2144?
2200
In base 9, what is -3 + -860?
-863
In base 5, what is 23224 + -2?
23222
In base 13, what is 44 - 36?
b
In base 16, what is -51 - -5?
-4c
In base 8, what is -7 + -504?
-513
In base 12, what is -1 + -322?
-323
In base 15, what is 5 + -c14?
-c0e
In base 7, what is 140401 + -2?
140366
In base 10, what is 2 - -615?
617
In base 10, what is 337 + 31?
368
In base 7, what is 1 - 151?
-150
In base 12, what is 53 + 73?
106
In base 13, what is 5 - 37b?
-376
In base 14, what is -8c - a?
-98
In base 2, what is 100 - 100010111?
-100010011
In base 11, what is -5 - 2a1?
-2a6
In base 4, what is -1 + -330?
-331
In base 6, what is -122 + 443?
321
In base 14, what is -4 - -353?
34d
In base 14, what is 4 + 105?
109
In base 13, what is 2a9 - -3?
2ac
In base 10, what is 8 + 71?
79
In base 8, what is -121 + -12?
-133
In base 11, what is -77 - -17?
-60
In base 10, what is -226 + -4?
-230
In base 8, what is 1 + 10704?
10705
In base 3, what is 10021220 + -12?
10021201
In base 14, what is -7 - 48?
-51
In base 9, what is 2 - 1105?
-1103
In base 15, what is 21 - 0?
21
In base 6, what is -1003 + 102?
-501
In base 7, what is 33 + -35?
-2
In base 10, what is 16 + -3?
13
In base 9, what is -344 - -7?
-336
In base 5, what is -1 - -32414?
32413
In base 4, what is 10 + 2201?
2211
In base 14, what is 3 + 131b?
1320
In base 13, what is -1a2 + -2?
-1a4
In base 2, what is -10 - -1011111?
1011101
In base 9, what is 3 + 2737?
2741
In base 2, what is 1000 - -11001111?
11010111
In base 2, what is -101 - 1010101?
-1011010
In base 2, what is 10001111 - -101?
10010100
In base 3, what is -12 + -2000?
-2012
In base 16, what is 164 - 0?
164
In base 4, what is -320 - 112?
-1032
In base 13, what is -27 - -3?
-24
In base 5, what is 3 - 102?
-44
In base 10, what is 1566 - -2?
1568
In base 16, what is -2 + -315?
-317
In base 16, what is -5 + 28e?
289
In base 5, what is 2 + 13330?
13332
In base 13, what is -20 + 107?
b7
In base 11, what is -6a - -4?
-66
In base 16, what is -685 - 0?
-685
In base 15, what is -20d - -5?
-208
In base 11, what is -5 - -3269?
3264
In base 4, what is 3 + -3011?
-3002
In base 14, what is -3 - -1a5?
1a2
In base 10, what is -25 + -2?
-27
In base 6, what is 14 - 11?
3
In base 6, what is -4521 - 1?
-4522
In base 10, what is -17 - -32?
15
In base 11, what is 1 + 336?
337
In base 5, what is -1 + -1023?
-1024
In base 15, what is 2 + -1?
1
In base 7, what is -30 + -222?
-252
In base 13, what is 562 - 5?
55a
In base 11, what is 1 - 47?
-46
In base 6, what is -5351 - -2?
-5345
In base 13, what is 28b - -5?
293
In base 5, what is 3 + -2100?
-2042
In base 4, what is 1 + -10011?
-10010
In base 16, what is 66 - b?
5b
In base 4, what is 1 - 2110?
-2103
In base 2, what is 10 - -10011100?
10011110
In base 2, what is -100110 + 1000101100?
1000000110
In base 11, what is -3 + -502?
-505
In base 6, what is 20 + 14?
34
In base 14, what is -19 - -2?
-17
In base 13, what is 1 - 3096?
-3095
In base 12, what is -4 + 390?
388
In base 6, what is 13 + 3110?
3123
In base 13, what is 1 + 385?
386
In base 16, what is 8b4 - 0?
8b4
In base 13, what is -125 + 2a?
-c8
In base 8, what is 1513 + 1?
1514
In base 15, what is -73 + -83?
-106
In base 10, what is 40 + -55?
-15
In base 9, what is 345 - 50?
285
In base 13, what is 3b + 41?
7c
In base 15, what is ba + -2a?
90
In base 10, what is -6 + -10?
-16
In base 6, what is -3 - 510?
-513
In base 5, what is 0 + -12302?
-12302
In base 9, what is 31 + -4?
26
In base 2, what is 10110110 - 1?
10110101
In base 4, what is 10 + 1013111?
1013121
In base 3, what is -11 + -2012022?
-2012110
In base 10, what is 1 - -1258?
1259
In base 4, what is -21 - 12113?
-12200
In base 3, what is -12 + 100122211?
100122122
In base 2, what is 1100101101 - 11?
1100101010
In base 3, what is -10 - -2202?
2122
In base 8, what is -4 + 2065?
2061
In base 11, what is -8 + 13?
6
In base 13, what is 8c + -10?
7c
In base 16, what is 5 - -2?
7
In base 13, what is -64 - -5?
-5c
In base 5, what is -3 + -32?
-40
In base 6, what is 114 - -130?
244
In base 4, what is 2 - -2122?
2130
In base 14, what is -4d2 + a?
-4c6
In base 7, what is 242 - -102?
344
In base 15, what is -4d - -c?
-41
In base 3, what is 1010 - -10?
1020
In base 4, what is -3012 + 3?
-3003
In base 3, what is -110 + 1102?
222
In base 5, what is -2 + -110?
-112
In base 14, what is -148 - -7?
-141
In base 5, what is 331 - 114?
212
In base 7, what is -31 + 43?
12
In base 16, what is 8 - -14?
1c
In base 15, what is 5 - 7?
-2
In base 5, what is -14102 + -3?
-14110
In base 13, what is -2 + -172?
-174
In base 13, what is 4 + -5a?
-56
In base 14, what is -c35 + 0?
-c35
In base 3, what is -2 - -1012?
1010
In base 8, what is 43 - -13?
56
In base 15, what is -4e + 38?
-16
In base 13, what is 254 - -b?
262
In base 10, what is -51 - 2?
-53
In base 2, what is -11 + -111010111?
-111011010
In base 7, what is -5 + 2616?
2611
In base 15, what is -6062 + -5?
-6067
In base 8, what is -3 + 5477?
5474
In base 11, what is -135 + -8?
-142
In base 8, what is 1052 + 2?
1054
In base 4, what is 3 - -112?
121
In base 16, what is -ed - -d?
-e0
In base 3, what is -1010111 + -10?
-1010121
In base 9, what is -4 + 872?
867
In base 12, what is 3 + -57?
-54
In base 11, what is -6a2 - 0?
-6a2
In base 13, what is -3 + -a42?
-a45
In base 3, what is 110101222 + 12?
110102011
In base 12, what is 23 - 2?
21
In base 3, what is -1220222 + 11?
-1220211
In base 3, what is -100 + 100?
0
In base 6, what is -2 + -2032?
-2034
In base 15, what is 5 - 25c?
-257
In base 4, what is 10311 - -11?
10322
In base 16, what is 56 + 30?
86
In base 11, what is -75 + 42?
-33
In base 15, what is 1 - 3e?
-3d
In base 7, what is -3 - -316?
313
In base 9, what is -1083 - -8?
-1074
In base 5, what is -3 - -201?
143
In base 16, what is 6 + -e?
-8
In base 16, what is 2 - 80?
-7e
In base 10, what is -4 + 11?
7
In base 10, what is 3932 + 0?
3932
In base 11, what is 0 - 38?
-38
In base 6, what is -114 + -1113?
-1231
In base 10, what is 4 - 2523?
-2519
In base 2, what is -10011 + -1001?
-11100
In base 11, what is 290 + -2?
289
In base 10, what is -42 - 38?
-80
In base 15, what is -21 + -12?
-33
In base 12, what is 2 + 397?
399
In base 15, what is -8 - 3?
-b
In base 11, what is 1 + 124?
125
In base 4, what is 111 - -1232?
2003
In base 12, what is -b6 - 2?
-b8
In base 7, what is 133 + -126?
4
In base 7, what is -1 - -342?
341
In base 2, what is -110100 - 1000?
-111100
In base 5, what is -4132 - -4?
-4123
In base 4, what is -11 - -13?
2
In base 12, what is -1970 + -1?
-1971
In base 9, what is -5602 + 1?
-5601
In base 8, what is 106 - -71?
177
In base 9, what is -15206 + 4?
-15202
In base 16, what is d1 + -4?
cd
In base 7, what is 2 + -101?
-66
In base 7